122 = -397. Let r = p + -124. Suppose -r = -i, f - 3*i + 122 = 320. What is the tens digit of f?
0
Let c = -839 + 1485. Let p = c - -224. What is the units digit of p?
0
Let z(r) = r**2 - 32*r - 583. Let f be z(44). Suppose 98 - 358 = 4*g. Let a = f - g. What is the units digit of a?
0
Suppose 14*r + 3*r - 3*r = 72884. What is the units digit of r?
6
Let v(j) = -631*j + 6. Let a be v(2). Let s = a + 2161. What is the hundreds digit of s?
9
Let q = 127712 + -87860. What is the hundreds digit of q?
8
What is the thousands digit of ((16/(-5))/(-1))/(9*(-94)/(-420885))?
1
Let q(g) = -2*g**3 - 27*g**2 + 101*g - 42. What is the hundreds digit of q(-24)?
6
Suppose -4*x + 524*w = 526*w - 122132, 3*x + w - 91599 = 0. What is the hundreds digit of x?
5
Let s = 18 + -19. Let d be ((13/2)/s)/(7/(-42)). What is the tens digit of 0 + -1 + d + -8?
3
Let h = 42 + 17. Let y = -48 - -105. Let c = h - y. What is the units digit of c?
2
Suppose 2*v = 5*x + 11038 + 9444, 2*v - 4*x = 20484. What is the thousands digit of v?
0
Let g be (-30)/(-1*12/224). Suppose 2*b + p = 1119, -g = b - 2*b - p. What is the tens digit of b?
5
Let u(j) = j**3 + 24*j**2 + 24*j + 25. Let v be u(-23). Suppose v*y - 4 = 2. Suppose -y*g + 84 = 4*z, 4*z + 8 = 5*g - 100. What is the units digit of g?
4
Suppose 3*m + a - 10 = 0, 2*m - 3*a - 15 = -2*a. Suppose 4*s + 4*q = 236, m*s - 7*q = -2*q + 315. What is the tens digit of s?
6
Suppose -2*i + 5*q + 1930 = 0, -5*i + q = -4*i - 962. Suppose 3*l + 144 - i = 0. What is the tens digit of l?
7
Let m(b) = 3354*b**2 - 40*b + 94. What is the thousands digit of m(2)?
3
Suppose 180*z - 328382 - 434789 = 337169. What is the tens digit of z?
1
Let v = 28872 - 18423. What is the hundreds digit of v?
4
Let l be 100/(-75)*6/4. Let o = 871 - l. What is the hundreds digit of o?
8
Let d = 194 + -114. Suppose -5*t - 3*b + 1195 = 2*b, 3*t - 738 = 4*b. Suppose -3*g + t - d = 0. What is the units digit of g?
4
Suppose 0 = -3*c + 87 - 3441. What is the tens digit of (4 - 1) + c/(-2) + 1?
6
Let x(a) be the first derivative of 3*a**4/4 + 3*a**2/2 + a + 13. Let t be x(3). What is the tens digit of (-39)/t - 493/(-7)?
7
What is the ten thousands digit of (4625/(-100) - -47)/((-1)/(-72356))?
5
Let s(y) = 3*y**2 + 6*y - 6. Let l be s(-3). Suppose 6*r = l*r + 141. Let a = -42 + r. What is the units digit of a?
5
Let x(w) = -26*w**3 - 3*w**2 - 13*w - 223. What is the hundreds digit of x(-9)?
6
Let p(m) = -32*m - 3. Let r be p(-3). Suppose 176 = -11*i - 154. Let k = r + i. What is the tens digit of k?
6
Let a = -105 - -56. Let w = a - -72. What is the units digit of w?
3
Let n(w) = -2*w**2 - 8*w - 6. Let o be n(-1). Suppose -2*f - 2462 = -3*d - f, -4*d + f + 3283 = o. What is the hundreds digit of d?
8
Suppose b + 3*r = 83, 2*b + 5*r = -109 + 276. What is the units digit of b?
6
Suppose -12*p = -12833 - 15559. Suppose 85*v - 92*v = -p. What is the hundreds digit of v?
3
Let a(f) = f**2 - 2*f + 34. What is the hundreds digit of a(50)?
4
Suppose u - 610 = -4*u. Suppose 0 = 2*x - 4 - u. Let h = 119 - x. What is the tens digit of h?
5
Let c be 0 + (-12)/(-28) + 1668/28. Let i be (-6)/c*4 - 44/(-10). Suppose -i*v + 294 + 94 = 0. What is the units digit of v?
7
Suppose k + 48 + 7 = 0. What is the hundreds digit of (-11)/(k/(-12))*-335?
8
Let a(l) = -458*l - 7342. What is the tens digit of a(-149)?
0
Suppose 0 = 4*g + 2*c - 125626, 4*g + 4*c - 56867 = 68749. What is the ten thousands digit of g?
3
Suppose l = 259*b - 257*b + 1473, 5*l + 4*b = 7449. What is the hundreds digit of l?
4
Suppose 0*t + 5*u - 25 = -3*t, -t - 5 = 5*u. Suppose -11*a + t*a - 228 = 4*j, 0 = -5*a - 2*j + 264. What is the units digit of a?
4
Suppose -3*h + 2*d = 36592 - 116041, 3*h - 79455 = 3*d. What is the tens digit of h?
7
Let j(q) = -934*q**3 + 14*q**2 + 11*q - 15. Let c(z) = -2802*z**3 + 39*z**2 + 33*z - 44. Let r(t) = -4*c(t) + 11*j(t). What is the units digit of r(1)?
2
Suppose 0 = -3*s - s + 804. Suppose 2*r = -s + 1263. Let q = -338 + r. What is the hundreds digit of q?
1
Suppose -n + 5*n - 20 = 0. Suppose -3*g + 8 = 2*d + 1, -n*d = 2*g + 10. Suppose -3*j - g*v + 98 = 0, 0 = -7*j + 2*j - 4*v + 146. What is the tens digit of j?
2
Let a(k) = k**3 - 32*k**2 + 63*k - 40. What is the hundreds digit of a(36)?
4
What is the hundreds digit of -13162*1/(-10) - 113/565?
3
Suppose -5*w - 3*h + 60217 + 44412 = 0, 6 = -3*h. What is the thousands digit of w?
0
Let r be 3*(-2 + 3 - (0 + 0)). Let g be (17 - -4)*1/r. Let n(o) = o**3 - 4*o**2 + 7*o + 16. What is the hundreds digit of n(g)?
2
What is the tens digit of 15779 + 330/(-27) + 16/72?
6
Let f(h) = 2*h**2 + 69*h + 782. What is the units digit of f(-84)?
8
Suppose 357 = 27*w + 6. What is the hundreds digit of ((-6)/(-4))/(w/6942)?
8
Suppose 0 = -3*c + 24 - 15. Let m be 0 + 1 + (-4 - (c - 7)). What is the tens digit of -5*m/1*(-5 + -15)?
0
Suppose -27*g - 2288160 = 46*g - 493*g. What is the tens digit of g?
4
Suppose -5*f = -d + 913, -997 - 3648 = -5*d + 5*f. Suppose -2*j - 3*j - h = -4701, 2*h - d = -j. What is the hundreds digit of j?
9
What is the tens digit of 14/(-98) + 710652/84?
6
Suppose 0 = 2*y - 3*x + 204 - 5234, y = x + 2513. What is the hundreds digit of y?
5
Suppose -4*w + 300 = 4*p, 2*w - 155 = -0*w - p. Let m = 87 - w. Suppose -m*d + 228 = -d. What is the tens digit of d?
3
Suppose -3*i = u - 34400, 2*u = 966*i - 964*i + 68840. What is the units digit of u?
5
What is the hundreds digit of -3*(-2)/12*(-4560)/(-20)?
1
Suppose 5*g = -4*d + 325 + 219, -5*g + 576 = -4*d. Let j = g + -110. Suppose j*n = -r + 384, 5*n - 571 = 2*n + r. What is the units digit of n?
1
Suppose 0 = -3*m + 2*w + 71358, -59*w + 61*w = -12. What is the hundreds digit of m?
7
Let m(s) = s**3 + 5*s**2 + 2*s + 14. Let u be m(-5). Suppose -u*t + 139 = -1405. What is the tens digit of t?
8
Suppose -20 = 3*x - 38. Suppose -i + 2915 = -x*i. What is the hundreds digit of (2 - i)/3 + -4?
1
Let u be -3*(-6)/(-36) - (-13)/2. Let s(c) = 3*c - 16. Let d be s(u). Suppose 3*v - m - 15 = 6, -13 = -d*v + m. What is the units digit of v?
8
Suppose -2*q = 3*h + 878, -2*h - 2*q + 5*q = 568. Let j = h - -1160. What is the tens digit of j?
7
Let n(j) = -3*j**3 + 44*j**2 + 128*j - 22. What is the tens digit of n(-16)?
8
Suppose -488268 = -122*h + 348042. What is the thousands digit of h?
6
What is the hundreds digit of 12/(0 - 3) + 5 - 860/(-2)?
4
Suppose 13*n - 2772 - 7160 = 0. Suppose 0 = -0*o + 4*o + 2*l - 3112, -o = -3*l - n. What is the units digit of o?
6
Let o = 150 + -147. Suppose 3*h = -2*v + 259, 0*h + 9 = o*h. Let d = 173 - v. What is the tens digit of d?
4
Let l(z) = 11*z - 160. Let f be l(14). Let a = 186 + f. What is the units digit of a?
0
Let u(z) = 20*z - 15. Suppose w + 8*y = 3*y, 5 = 2*w + 5*y. Suppose 0 = 4*a - w - 7. What is the units digit of u(a)?
5
Suppose p + 4*a - 5676 - 18657 = 0, 2*p - 48648 = -2*a. What is the ten thousands digit of p?
2
Let s = -445 + 848. Let d = s - -395. What is the hundreds digit of d?
7
Let d = -68 + 69. Suppose q - 7 + 5 = 0. What is the tens digit of q - -1 - (d + -34)?
3
Suppose -2*t + 0 = 3*n - 19, 11 = -2*t + 3*n. Let o(a) = -2*a**2 - 2*a + 2. Let i be o(t). What is the tens digit of (-5)/25 - 582/i?
5
Let v(n) = n**3 - 11*n**2 - 14*n + 26. Let p be v(12). Suppose -3*c = -5*r - 1249, -4*r + 0*r + 796 = p*c. What is the hundreds digit of c?
4
Suppose -178*l = 217*l - 9074335. What is the thousands digit of l?
2
Suppose 0 = -28*j - 48558 + 124130. Suppose -6*q + 10343 = j. What is the units digit of q?
4
Let s(q) = -18*q - 26. Let n = -84 - -86. Suppose -5*v - 4*l = 56, 0*v = -v + n*l. What is the tens digit of s(v)?
1
Let l = -487 + 489. Let a be 5862/8 - 2/(-8). Suppose -l*y = 3*p - a, 0 = -2*p - 0*p - 5*y + 496. What is the units digit of p?
3
Let b(q) = 429*q**3 - 5*q**2 + 15*q - 5. Let k be b(3). Suppose -k = -10*j + 1442. What is the units digit of j?
2
Suppose -190*q + 44*q + 176368 = 0. What is the hundreds digit of q?
2
Suppose 5*s = -5*v + 11745, 17*s - 4695 = 15*s - 5*v. What is the hundreds digit of s?
3
Suppose -13*d + 7351 - 1904 = 0. What is the hundreds digit of d?
4
Suppose -12*f = 62*f - 1078550. What is the tens digit of f?
7
Suppose 52*f - 117211 = -7*f + 125869. What is the thousands digit of f?
4
Suppose 272*m - 21 = 